 210 and 203420?
70
Calculate the highest common factor of 61067 and 237.
79
Calculate the greatest common factor of 2231 and 92437.
23
What is the highest common divisor of 270 and 135840?
30
What is the highest common factor of 308 and 700?
28
What is the greatest common divisor of 118756 and 748?
44
What is the greatest common divisor of 450 and 180150?
150
What is the greatest common factor of 4880 and 68?
4
What is the greatest common divisor of 360 and 133776?
72
Calculate the highest common divisor of 704700 and 464.
116
Calculate the highest common factor of 27 and 4137.
3
Calculate the greatest common divisor of 4260 and 180.
60
What is the greatest common factor of 913 and 2959?
11
What is the highest common divisor of 16949 and 17?
17
Calculate the greatest common divisor of 1704 and 2203698.
426
Calculate the greatest common divisor of 1053304 and 1176.
392
What is the greatest common factor of 11134 and 19338?
586
Calculate the greatest common factor of 14 and 33684.
14
Calculate the highest common divisor of 31211 and 236.
59
Calculate the greatest common factor of 8844 and 88.
44
What is the greatest common divisor of 668 and 716?
4
Calculate the greatest common divisor of 16324950 and 150.
150
What is the greatest common divisor of 12818 and 14144?
442
What is the highest common divisor of 1050808 and 88?
88
Calculate the highest common factor of 225272 and 16.
8
Calculate the highest common divisor of 272 and 65480.
8
What is the highest common factor of 123990 and 315?
15
Calculate the greatest common factor of 2940 and 97104.
84
Calculate the highest common divisor of 14823 and 9333.
549
Calculate the greatest common factor of 1386 and 713097.
693
What is the highest common factor of 690 and 32568?
138
Calculate the greatest common divisor of 144 and 691812.
36
Calculate the highest common divisor of 16225 and 1357.
59
Calculate the greatest common factor of 22151 and 221.
17
What is the greatest common divisor of 708737 and 249?
83
What is the greatest common factor of 1192 and 19370?
298
Calculate the highest common factor of 1482 and 214422.
78
What is the greatest common factor of 122223 and 786?
393
Calculate the greatest common factor of 33125 and 95400.
1325
Calculate the greatest common factor of 880446 and 420.
42
Calculate the highest common divisor of 72 and 1719.
9
What is the greatest common divisor of 5719305 and 15?
15
Calculate the highest common divisor of 336 and 70868.
28
What is the highest common divisor of 28593 and 81?
81
Calculate the greatest common factor of 552908 and 17.
17
Calculate the highest common divisor of 138 and 49519.
23
What is the greatest common factor of 87 and 193575?
87
What is the greatest common divisor of 13450 and 25286?
538
What is the highest common divisor of 40311 and 162?
27
Calculate the greatest common divisor of 299833 and 1030.
103
What is the greatest common factor of 837 and 14043?
93
What is the greatest common divisor of 11607 and 2263?
73
What is the greatest common factor of 3796 and 291343?
949
What is the greatest common factor of 293414 and 44?
22
Calculate the highest common factor of 2 and 62038.
2
What is the greatest common factor of 172621 and 1007?
53
What is the greatest common divisor of 1984 and 6572?
124
What is the greatest common factor of 80248 and 112?
56
Calculate the greatest common factor of 82337 and 5409.
601
What is the greatest common factor of 34 and 53057?
17
What is the greatest common divisor of 4096 and 18?
2
Calculate the highest common divisor of 166044 and 48.
12
What is the highest common factor of 80 and 8860?
20
What is the greatest common divisor of 14750 and 14875?
125
Calculate the highest common divisor of 56307 and 11508.
411
What is the greatest common divisor of 3661 and 13?
1
Calculate the greatest common factor of 567 and 553.
7
Calculate the highest common factor of 1 and 137853.
1
Calculate the greatest common factor of 298313 and 93.
31
What is the greatest common divisor of 8555 and 3625?
145
What is the highest common divisor of 63 and 78491?
7
Calculate the greatest common divisor of 172 and 143749.
43
Calculate the highest common factor of 1955 and 2057.
17
What is the highest common factor of 764262 and 18?
18
Calculate the greatest common factor of 143543 and 161.
23
What is the greatest common factor of 63 and 34027?
7
Calculate the greatest common divisor of 83825 and 675.
25
What is the greatest common divisor of 252 and 14679?
63
What is the greatest common divisor of 5335 and 110?
55
Calculate the highest common factor of 3179 and 36125.
289
What is the highest common factor of 2700 and 195300?
900
What is the highest common divisor of 276 and 2323?
23
Calculate the greatest common divisor of 434 and 2597707.
217
Calculate the highest common factor of 5720 and 152295.
715
What is the greatest common divisor of 5724 and 1288377?
477
Calculate the highest common factor of 26147 and 44.
11
Calculate the highest common factor of 13284 and 4860.
324
What is the greatest common factor of 2785 and 15?
5
What is the highest common divisor of 72 and 1176?
24
What is the highest common divisor of 791582 and 121?
121
What is the highest common divisor of 86 and 61103?
43
What is the highest common divisor of 309694 and 28?
14
What is the greatest common factor of 2972754 and 162?
54
What is the highest common factor of 1206 and 4690?
134
What is the highest common divisor of 43452 and 355?
71
What is the highest common divisor of 1340 and 109580?
20
What is the highest common factor of 36778 and 14?
14
What is the greatest common divisor of 27010 and 22265?
365
Calculate the highest common factor of 3044872 and 1416.
472
Calculate the greatest common divisor of 7992300 and 60.
60
Calculate the highest common factor of 11645 and 51.
17
What is the highest common factor of 29 and 66323?
29
Calculate the highest common factor of 2679 and 49419.
57
What is the greatest common divisor of 2000 and 9232?
16
Calculate the greatest common divisor of 84253 and 676.
13
What is the greatest common divisor of 371 and 1458401?
371
Calculate the highest common factor of 605 and 1886027.
121
Calculate the highest common divisor of 454232 and 72.
8
Calculate the highest common factor of 99 and 79266.
33
What is the highest common factor of 23050 and 75?
25
What is the greatest common divisor of 1179029 and 526?
263
What is the highest common factor of 210182 and 112?
14
Calculate the greatest common factor of 253 and 552959.
11
What is the greatest common factor of 552 and 157688?
184
Calculate the highest common factor of 18012 and 1140.
228
Calculate the highest common divisor of 408 and 60792.
408
What is the highest common divisor of 44 and 38434?
22
What is the greatest common divisor of 1710 and 6365?
95
Calculate the highest common factor of 72 and 479304.
72
What is the highest common factor of 10 and 229990?
10
Calculate the highest common divisor of 15486 and 1218.
174
Calculate the greatest common divisor of 751389 and 141.
141
Calculate the highest common factor of 13 and 5102357.
13
What is the highest common factor of 312 and 5305768?
104
What is the highest common divisor of 11381859 and 9?
9
Calculate the greatest common divisor of 182792 and 365.
73
What is the highest common divisor of 325520 and 20?
20
What is the highest common factor of 840 and 302988?
84
Calculate the greatest common divisor of 60067 and 21.
7
What is the highest common factor of 1755 and 257715?
135
What is the greatest common factor of 81 and 4158?
27
What is the highest common factor of 102 and 28407?
51
What is the highest common divisor of 35 and 12306?
7
What is the highest common factor of 640 and 9895?
5
Calculate the highest common factor of 17727 and 259374.
933
Calculate the highest common divisor of 32 and 114256.
16
What is the greatest common divisor of 48 and 142356?
12
Calculate the greatest common factor of 154 and 3304.
14
Calculate the greatest common factor of 280 and 228680.
40
Calculate the greatest common divisor of 4185 and 8215.
155
What is the greatest common factor of 203262 and 30?
6
What is the greatest common divisor of 112 and 63?
7
What is the greatest common factor of 9048 and 3567?
87
Calculate the highest 